ulate a(-5).
-3
Suppose -3*d + 2 = -2*d. Let y(a) = 2 - 15*a + 3 + a**2 + 22*a + a**d. Determine y(-4).
9
Let z(m) = -m**2 + 2. Let b(l) = 3*l**2 - 3*l - 1. Let k(r) = -b(r) - 2*z(r). Let u(c) = c**2 - 2*c + 1. Let w(v) = -5*k(v) - 6*u(v). Calculate w(-7).
-19
Let c(w) = -w**3 + 2*w**2 + w + 1. Let k = -85 + 63. Let f = k + 26. What is c(f)?
-27
Let o(d) = 4*d**2 + 31*d. Suppose 4*v - 3*l + 32 = 0, -v - 14*l + 12*l - 8 = 0. What is o(v)?
8
Suppose -5*g + 5 = -5*o, -17*g = -21*g + 5*o + 3. Let v(s) = 9*s - 8*s**g + 0 + 4 + 9*s**2. Determine v(-7).
-10
Let k(j) = -2*j**2 + 14*j + 25. Let d(r) = -r**2 + 6*r + 13. Let a(z) = -5*d(z) + 2*k(z). Let t be a(-4). Let b(n) = n**3 - 8*n**2 - 10*n + 2. Calculate b(t).
-7
Let b(l) = -l**2 + 14*l + 5. Suppose 3*k + 17*k = -16*k - 7*k. What is b(k)?
5
Let v be (-4 + 3)*(4 + -3). Let y(r) = r**3 + r**2 - 6. Let g(d) = 2*d**2 + d - 3. Let k(n) = -2*g(n) + y(n). What is k(v)?
-2
Let y(q) be the second derivative of -101*q + 3*q**2 + 0 + q**3 - 1/12*q**4. Calculate y(6).
6
Let s(v) = v**2 + 2*v - 12. Let l be s(-6). Let t be l/(-78) - ((-492)/(-39))/(-4). Suppose t*y + 9 = -0. Let x(g) = -g**2 - 4*g + 1. Calculate x(y).
4
Let f(h) = 7*h**3 - 5*h**2 + 0*h + 7 - 2*h**2 - 13 + 4*h - 6*h**3. What is f(7)?
22
Let d(w) = 3*w + 88. Suppose 681*f = 661*f - 660. Determine d(f).
-11
Let s(h) = 18*h + 33. Let k be s(-2). Let n(o) = 19*o**2 - 12*o. Let y(l) = -7*l**2 + 4*l. Let z(p) = k*n(p) - 8*y(p). What is z(4)?
0
Let x = 1847 - 1840. Let f(z) be the first derivative of -z**4/4 + 8*z**3/3 - 2*z**2 - 7*z + 1. What is f(x)?
14
Let c be (((-8)/2 - -4)/(-6 + 8))/1. Let g(x) = x**2 + 35*x. What is g(c)?
0
Suppose 0 = -2*c + 3*f - 5*f - 12, c + 6 = 3*f. Let n(x) = 5 - 120 + 113 + x. Determine n(c).
-8
Let m(v) = v**3 + 14*v**2 - 32*v - 6. Let x = -1421 - -1405. Calculate m(x).
-6
Let g(u) = 48*u + 53*u - 2*u**2 - 149*u - 3 + 45*u - u**3. What is g(-4)?
41
Let s(d) be the second derivative of -d**5/20 + d**4/2 + 4*d**3/3 - 5*d**2/2 - 15*d + 22. Give s(7).
2
Let j(o) be the second derivative of o**3/6 - 12*o**2 + 10*o + 96. Calculate j(9).
-15
Let x(w) be the third derivative of -w**5/60 - w**4/24 + 35*w**3/3 - 96*w**2 - 9*w. Give x(-9).
-2
Let i(p) = p**2 + 3*p - 9. Suppose -2*l + o = 13, -44*l + 4*o = -42*l + 16. What is i(l)?
9
Let m(u) = -2*u**2 - 17*u - 10. Let y be m(-7). Suppose 4*z = y*z + 14. Let h(f) = -f**3 - 3*f**2 - 1. What is h(z)?
-5
Suppose -4*g = 4*w - 36, g + 4*w + 9 = 6*g. Suppose g*c + 4 = -6. Let m(p) = -2 + 68*p + 3*p**2 - 141*p + 75*p. Calculate m(c).
6
Suppose -4*i = x - 4*x + 192, 334 = 5*x - 2*i. Let y = -53 + x. Suppose -y = l - 3*q, q + 2 = 2*l + 7. Let v(k) = -k**3 + k**2 - k + 5. Give v(l).
5
Suppose 0 = -3*c - 2*a - 13, 5*c - 18 = 9*c + 3*a. Let s(z) = 35*z**3 - 33 - 36*z**3 + 34 - 2*z. What is s(c)?
34
Let s(q) = 54 + 43 - 2*q - q - 143 + 44. Let k(t) = t**3 + 8*t - 3 + 0 - 10*t**2 + 8. Let v be k(9). Give s(v).
10
Let k(f) = -f**3 + 7*f**2 - 3*f - 14. Let j be k(6). Let o be 6/j*-2 + (3 - 0). Let a(d) = 0*d + 17 + 0*d**2 + 0*d**2 - d + d**2. Determine a(o).
17
Let k(v) be the first derivative of v**4/4 - 2*v**3 - 14*v + 245. What is k(6)?
-14
Let l be (20/(-6))/((-2)/3). Let a(h) = -2*h - 7. Let d(j) = 2*j + 8. Let c(q) = l*d(q) + 6*a(q). What is c(6)?
-14
Let z(v) = -35*v**2 - 7*v + 57. Let k(h) = 22*h**2 + 5*h - 38. Let d(l) = 8*k(l) + 5*z(l). Give d(-7).
-5
Let o(r) be the third derivative of 1/6*r**3 + 7*r**2 + 2*r + 0 + 1/30*r**5 - 1/12*r**4. Determine o(2).
5
Let d(s) = 3*s + 6. Suppose -9*b - 61 = 4*y - 4*b, -b = 1. Let o(w) = -2*w - 28. Let u be o(y). What is d(u)?
6
Let t(b) = 9*b + 9 - 28*b + 17*b - 18. Let y = 24 - 12. Let k = y + -20. Give t(k).
7
Let m(r) = 216*r + 0 - 11 - 425*r + 3 + 225*r. Calculate m(5).
72
Let w(d) = 45 - d - 4 + 0*d - 24. Let b = 3766 + -3754. Give w(b).
5
Let x(z) be the second derivative of 0*z**2 + 5*z - 13/12*z**4 + 0*z**3 + 0 - 1/120*z**5 + 1/720*z**6. Let s(r) be the third derivative of x(r). What is s(3)?
2
Let u(j) be the second derivative of -j**5/20 - j**4/2 - j**3 - 3*j**2/2 + 91*j - 3. Determine u(-5).
2
Let q = 15 - 13. Suppose -4*z + 6 = -3*c, 19 = -2*c + 7*c + 3*z. Let t(k) = 0 - c*k + 2*k**2 - 5 + 6. Calculate t(q).
5
Let f(l) be the second derivative of 5*l - 5/2*l**2 - 1/12*l**4 + 0 - 5/6*l**3. Give f(-5).
-5
Let m(n) = -42*n - 17. Let p(f) = -23*f - 9. Suppose 12*g - 184 = -52. Let l(q) = g*p(q) - 6*m(q). Give l(-2).
5
Let b(g) be the second derivative of g**7/2520 + g**6/720 + g**5/60 + 61*g**4/6 - g**3/6 + 219*g. Let d(z) be the third derivative of b(z). What is d(5)?
32
Let i(p) be the second derivative of -p**3/6 + 2*p**2 - 19*p. Let n = -2832 + 2825. What is i(n)?
11
Let k(h) = h**3 - 6*h**2 - 2*h. Suppose -5*w = -2*x + 4, -4*w = -4*x + 10 - 2. Suppose -4*g - 28 = -x*n, -4 = n + 2*g - 2. Determine k(n).
-12
Let z(d) = 2*d - 138. Let k be z(69). Let u(p) = -3*p - 42. Let r(a) = 7*a + 84. Let q(v) = 4*r(v) + 9*u(v). Give q(k).
-42
Suppose 0 = 522*s - 1674 - 936. Let h(r) = -r**3 + 3*r**2 - 10*r - 1. What is h(s)?
-101
Let g(b) be the third derivative of -b**6/120 + b**5/10 - 5*b**4/24 - b**3/6 - 2*b**2. Suppose 17*w - 2*f - 20 = 13*w, 0 = 2*w + 4*f. Determine g(w).
11
Let h = 21133 + -21140. Let u(p) = -p**3 - 9*p**2 + 9*p + 166. What is u(h)?
5
Let k = 9 + -4. Suppose k*n - 1 = 39. Let x(s) = -127*s**2 - 346*s**3 + 1 + 1041*s**3 - 351*s**3 - s + 119*s**2 - 343*s**3. Calculate x(n).
-7
Suppose -3*v + 30 = 12. Let j(r) = 7 - 8 - 2*r**2 + v*r**2 + r. What is j(1)?
4
Let z = 0 + 94. Let h = -95 + z. Let r(i) = 19*i - 1. Calculate r(h).
-20
Let t be (-4296)/(-120) - (-2)/10. Let k(v) = 37*v + 1 - 2*v**3 - 3*v**2 + 5*v**2 - t*v - v**2 + 5*v**3. Calculate k(-1).
-2
Let h(x) = 3*x - 1. Let s be h(3). Let o be 12/s*8/6. Suppose -4*y - 3*g + o*g - 13 = 0, 0 = y - 3*g. Let v(n) = -n - 4. Give v(y).
-1
Let a(t) = -7*t - 2. Suppose -p = -4*u + 9, 2 = -p + 1. Let g be -1 + 23 + -11 + 6. Suppose 5*f - u = -g. Determine a(f).
19
Let q(s) = -s**2 - 1. Let p(g) = 11*g**2 - 2*g + 4. Let i(j) = -p(j) - 5*q(j). Let k be (-6*2/(-6))/(1 + -3). What is i(k)?
-7
Suppose 11 = 5*l + 2*u, 5*l - u = -2*u + 13. Let d(z) = -33*z - 2 - l + 4 + 30*z. Let x = -3 + 4. Calculate d(x).
-4
Let a(y) be the second derivative of y**8/6720 + y**7/1260 - y**6/72 - y**5/60 + 73*y**4/4 - 95*y. Let t(g) be the third derivative of a(g). Determine t(-4).
6
Let q(b) = 16 + 38 + 5*b + 55 - 54. What is q(-11)?
0
Let f be (-235)/94 - 215/(-2). Let v(r) = -6 - 105*r**3 + 7 + r**2 + 212*r**3 - f*r**3 - 2*r. Suppose 4*j = 7 - 3. Determine v(j).
2
Let l(j) = 10*j + 0*j**3 - j**3 - 9*j**2 + 2*j**3 - 13. Suppose 8*n = 83 - 19. Let r be l(n). Let d(h) = h**2 + 3. Calculate d(r).
12
Let x be 224/6 + (-7)/21. Let z = x + -54. Let b = z + 14. Let r(h) = -h**2 + 3*h + 1. What is r(b)?
-17
Let b(t) be the third derivative of t**6/360 - 3*t**5/40 + 5*t**4/24 - 22*t**3/3 - 47*t**2. Let z(f) be the first derivative of b(f). What is z(8)?
-3
Let z(h) = 2*h - 16. Let s = 13247 - 13270. Calculate z(s).
-62
Let l = 326 - 479. Let p = -158 - l. Let a(u) = u**2 + 4*u - 11. Determine a(p).
-6
Let j(p) = -14 + p**3 - 257*p**2 - 6*p - 255*p**2 + 509*p**2. Calculate j(6).
58
Let v(n) = -n**3 - 25*n**2 - 36*n + 48. Let d be v(-23). Let g = 185 + d. Let c(l) = -l**3 + 4*l**2 - 4*l + 1. What is c(g)?
-2
Let v(f) = -135*f - 270. Let t be v(-2). Let j(s) = 5*s - 2. What is j(t)?
-2
Let u = 9 - 4. Let t = u + -8. Let r(q) be the third derivative of q**6/120 + q**5/15 + q**4/24 + q**3/6 + 1800*q**2. What is r(t)?
7
Let j = 5879 - 5876. Let x(y) be the first derivative of -1/3*y**j + 0*y + y**2 + 35. Calculate x(3).
-3
Suppose 0 = 12*b - 7*b + 15, 30 = 5*t - 5*b. Let a(y) be the first derivative of y + 1/2*y**2 + 16 + 1/3*y**t. What is a(-2)?
3
Let l(j) = 57 - 120 - j**3 + 2*j**2 + 7*j**2 + 59 + 12*j. Let b(k) = 3*k**2 + 9*k - 20. Let r be b(2). Calculate l(r).
16
Suppose -132 = 2*a + 2*a. Let h = a + 37. Suppose -4*l = c + 6, 5*l + 15 = -h*c - c. Let j(y) = y**3 + 3*y**2 + 2*y - 2. What is j(c)?
-2
Let s be 51/((18/24)/1). Suppose s = 10*k + 68. Let i(u) = -u**3 - u**2 - u - 3. Give i(k).
-3
Let q = 65 + -60. Suppose -m + 3*n = -11, -5*n - 9 = -q*m + 8*m. Let x(w) = -114*w**2 - 4 + 52*w**2 - m*w + 2 + 57*w**2. What 